{"id":259,"date":"2022-10-16T02:52:40","date_gmt":"2022-10-15T23:52:40","guid":{"rendered":"https:\/\/nosafco.com\/?page_id=259"},"modified":"2022-10-24T14:28:31","modified_gmt":"2022-10-24T11:28:31","slug":"matieres-premieres","status":"publish","type":"page","link":"https:\/\/nosafco.com\/?page_id=259&lang=fr","title":{"rendered":"Mati\u00e8res premi\u00e8res"},"content":{"rendered":"\n<p class=\"has-text-align-left\"><img loading=\"lazy\" decoding=\"async\" width=\"500\" height=\"474\" class=\"wp-image-576\" style=\"width: 500px;\" src=\"https:\/\/nosafco.com\/wp-content\/uploads\/2022\/10\/nosafco-RawMaterials.jpg\" alt=\"\" srcset=\"https:\/\/nosafco.com\/wp-content\/uploads\/2022\/10\/nosafco-RawMaterials.jpg 900w, https:\/\/nosafco.com\/wp-content\/uploads\/2022\/10\/nosafco-RawMaterials-300x285.jpg 300w, https:\/\/nosafco.com\/wp-content\/uploads\/2022\/10\/nosafco-RawMaterials-768x729.jpg 768w\" sizes=\"auto, (max-width: 500px) 100vw, 500px\" \/><\/p>\n\n\n\n<p class=\"has-text-align-left\">Le succ\u00e8s de l&#8217;\u00e9conomie d&#8217;un pays est d\u00e9termin\u00e9 par la taille des ressources naturelles du pays et \u00e0 l&#8217;int\u00e9rieur de ses fronti\u00e8res, et un pays qui poss\u00e8de d&#8217;abondantes ressources naturelles brutes n&#8217;a pas besoin d&#8217;importer des mati\u00e8res premi\u00e8res et a la possibilit\u00e9 d&#8217;exporter des mat\u00e9riaux vers d&#8217;autres pays, et les mati\u00e8res premi\u00e8res sont consid\u00e9r\u00e9es comme l&#8217;\u00e9pine dorsale de l&#8217;industrie \u00e0 travers le monde, nous attendons donc toujours avec impatience Notre pr\u00e9sence r\u00e9pond aux besoins des clients avec leurs besoins, qui sont bas\u00e9s sur\u00a0:<br>Fer, cuivre, or, \u00e9tain, aluminium, phosphates, clinker, gypse, charbon, chaux.<\/p>\n","protected":false},"excerpt":{"rendered":"<p>Le succ\u00e8s de l&#8217;\u00e9conomie d&#8217;un pays est d\u00e9termin\u00e9 par la taille des ressources naturelles du pays et \u00e0 l&#8217;int\u00e9rieur de ses fronti\u00e8res, et un pays qui poss\u00e8de d&#8217;abondantes ressources naturelles brutes n&#8217;a pas besoin d&#8217;importer des mati\u00e8res premi\u00e8res et a la possibilit\u00e9 d&#8217;exporter des mat\u00e9riaux vers d&#8217;autres pays, et les mati\u00e8res premi\u00e8res sont consid\u00e9r\u00e9es comme [&hellip;]<\/p>\n","protected":false},"author":1,"featured_media":260,"parent":0,"menu_order":0,"comment_status":"closed","ping_status":"closed","template":"","meta":{"footnotes":""},"class_list":["post-259","page","type-page","status-publish","has-post-thumbnail","hentry"],"_links":{"self":[{"href":"https:\/\/nosafco.com\/index.php?rest_route=\/wp\/v2\/pages\/259","targetHints":{"allow":["GET"]}}],"collection":[{"href":"https:\/\/nosafco.com\/index.php?rest_route=\/wp\/v2\/pages"}],"about":[{"href":"https:\/\/nosafco.com\/index.php?rest_route=\/wp\/v2\/types\/page"}],"author":[{"embeddable":true,"href":"https:\/\/nosafco.com\/index.php?rest_route=\/wp\/v2\/users\/1"}],"replies":[{"embeddable":true,"href":"https:\/\/nosafco.com\/index.php?rest_route=%2Fwp%2Fv2%2Fcomments&post=259"}],"version-history":[{"count":2,"href":"https:\/\/nosafco.com\/index.php?rest_route=\/wp\/v2\/pages\/259\/revisions"}],"predecessor-version":[{"id":579,"href":"https:\/\/nosafco.com\/index.php?rest_route=\/wp\/v2\/pages\/259\/revisions\/579"}],"wp:featuredmedia":[{"embeddable":true,"href":"https:\/\/nosafco.com\/index.php?rest_route=\/wp\/v2\/media\/260"}],"wp:attachment":[{"href":"https:\/\/nosafco.com\/index.php?rest_route=%2Fwp%2Fv2%2Fmedia&parent=259"}],"curies":[{"name":"wp","href":"https:\/\/api.w.org\/{rel}","templated":true}]}}